s digit of 1586?
6
What is the thousands digit of 52474?
2
What is the hundreds digit of 7512?
5
What is the tens digit of 130984?
8
What is the tens digit of 1479?
7
What is the hundreds digit of 418?
4
What is the tens digit of 3805?
0
What is the hundreds digit of 10077?
0
What is the tens digit of 53?
5
What is the tens digit of 53?
5
What is the ten thousands digit of 46672?
4
What is the thousands digit of 23370?
3
What is the units digit of 989?
9
What is the tens digit of 26228?
2
What is the tens digit of 3030?
3
What is the tens digit of 3633?
3
What is the thousands digit of 2660?
2
What is the hundreds digit of 131?
1
What is the hundreds digit of 3351?
3
What is the units digit of 535?
5
What is the hundreds digit of 14070?
0
What is the thousands digit of 1293?
1
What is the thousands digit of 1072?
1
What is the tens digit of 790?
9
What is the tens digit of 46?
4
What is the thousands digit of 23974?
3
What is the units digit of 1263?
3
What is the units digit of 30161?
1
What is the units digit of 2818?
8
What is the thousands digit of 2333?
2
What is the units digit of 884?
4
What is the units digit of 24452?
2
What is the tens digit of 705?
0
What is the thousands digit of 11271?
1
What is the hundreds digit of 217?
2
What is the tens digit of 18598?
9
What is the thousands digit of 1136?
1
What is the units digit of 1001?
1
What is the hundreds digit of 2380?
3
What is the hundreds digit of 171?
1
What is the tens digit of 1811?
1
What is the thousands digit of 1920?
1
What is the hundreds digit of 1869?
8
What is the hundreds digit of 1729?
7
What is the hundreds digit of 4941?
9
What is the ten thousands digit of 12518?
1
What is the tens digit of 885?
8
What is the thousands digit of 3345?
3
What is the ten thousands digit of 14905?
1
What is the tens digit of 32895?
9
What is the thousands digit of 4408?
4
What is the tens digit of 9369?
6
What is the thousands digit of 34339?
4
What is the tens digit of 631?
3
What is the thousands digit of 5325?
5
What is the tens digit of 7549?
4
What is the units digit of 170564?
4
What is the ten thousands digit of 73549?
7
What is the tens digit of 1196?
9
What is the tens digit of 50?
5
What is the units digit of 786?
6
What is the units digit of 31457?
7
What is the hundreds digit of 2530?
5
What is the ten thousands digit of 94985?
9
What is the hundreds digit of 47267?
2
What is the tens digit of 4806?
0
What is the hundreds digit of 61932?
9
What is the thousands digit of 1776?
1
What is the tens digit of 97?
9
What is the tens digit of 3889?
8
What is the thousands digit of 196090?
6
What is the units digit of 32598?
8
What is the units digit of 13869?
9
What is the ten thousands digit of 31318?
3
What is the hundred thousands digit of 144163?
1
What is the thousands digit of 3415?
3
What is the units digit of 147?
7
What is the thousands digit of 9586?
9
What is the ten thousands digit of 55877?
5
What is the units digit of 51598?
8
What is the tens digit of 10964?
6
What is the hundreds digit of 105752?
7
What is the tens digit of 977?
7
What is the hundreds digit of 1483?
4
What is the hundreds digit of 3557?
5
What is the hundreds digit of 74602?
6
What is the hundreds digit of 6111?
1
What is the units digit of 1666?
6
What is the tens digit of 1066?
6
What is the tens digit of 483?
8
What is the hundreds digit of 70354?
3
What is the hundreds digit of 6920?
9
What is the hundreds digit of 118?
1
What is the hundreds digit of 209?
2
What is the thousands digit of 3411?
3
What is the hundreds digit of 632?
6
What is the units digit of 65460?
0
What is the tens digit of 7965?
6
What is the units digit of 970?
0
What is the ten thousands digit of 80601?
8
What is the units digit of 3911?
1
What is the ten thousands digit of 22640?
2
What is the thousands digit of 57917?
7
What is the thousands digit of 60899?
0
What is the hundreds digit of 2118?
1
What is the hundreds digit of 4337?
3
What is the tens digit of 38875?
7
What is the tens digit of 5997?
9
What is the hundreds digit of 778?
7
What is the units digit of 906?
6
What is the units digit of 1473?
3
What is the hundreds digit of 3038?
0
What is the units digit of 2267?
7
What is the units digit of 611?
1
What is the units digit of 21505?
5
What is the hundreds digit of 2902?
9
What is the thousands digit of 5272?
5
What is the hundreds digit of 6820?
8
What is the thousands digit of 65836?
5
What is the tens digit of 1123?
2
What is the hundreds digit of 499?
4
What is the units digit of 2954?
4
What is the hundreds digit of 263?
2
What is the thousands digit of 54595?
4
What is the thousands digit of 1958?
1
What is the ten thousands digit of 145722?
4
What is the tens digit of 510?
1
What is the ten thousands digit of 144655?
4
What is the tens digit of 963?
6
What is the hundreds digit of 12812?
8
What is the tens digit of 593?
9
What is the hundreds digit of 27964?
9
What is the units digit of 7962?
2
What is the thousands digit of 169956?
9
What is the tens digit of 53772?
7
What is the ten thousands digit of 30042?
3
What is the hundreds digit of 7447?
4
What is the tens digit of 1620?
2
What is the tens digit of 2552?
5
What is the units digit of 61?
1
What is the units digit of 51?
1
What is the hundreds digit of 5161?
1
What is the units digit of 774?
4
What is the thousands digit of 17261?
7
What is the tens digit of 302?
0
What is the hundreds digit of 1652?
6
What is the thousands digit of 19287?
9
What is the tens digit of 913?
1
What is the hundreds digit of 968?
9
What is the tens digit of 38146?
4
What is the ten thousands digit of 17555?
1
What is the hundreds digit of 26708?
7
What is the thousands digit of 19276?
9
What is the units digit of 550?
0
What is the thousands digit of 3754?
3
What is the units digit of 4250?
0
What is the hundreds digit of 12293?
2
What is the hundreds digit of 2267?
2
What is the tens digit of 8756?
5
What is the tens digit of 1194?
9
What is the ten thousands digit of 56293?
5
What is the hundreds digit of 7263?
2
What is the tens digit of 337?
3
What is the hundreds digit of 258?
2
What is the tens digit of 9600?
0
What is the hundreds digit of 42013?
0
What is the tens digit of 1953?
5
What is the hundreds digit of 19892?
8
What is the tens digit of 1711?
1
What is the units digit of 5960?
0
What is the units digit of 189?
9
What is the tens digit of 52?
5
What is the thousands digit of 1354?
1
What is the units digit of 26436?
6
What is the thousands digit of 12482?
2
What is the hundreds digit of 265?
2
What is the units digit of 899?
9
What is the hundreds digit of 5045?
0
What is the hundreds digit of 277?
2
What is the hundreds digit of 747?
7
What is the units digit of 743?
3
What is the ten thousands digit of 35356?
3
What is the hundreds digit of 769?
7
What is the hundreds digit of 132?
1
What is the tens digit of 4107?
0
What is the tens digit of 540?
4
What is the tens digit of 9761?
6
What is the thousands digit of 48292?
8
What is the units digit of 19523?
3
What is the hundreds digit of 26872?
8
What is the hundreds digit of 989?
9
What is the hundreds digit of 11416?
4
What is the thousands digit of 1352?
1
What is the hundreds digit of 3280?
2
What is the thousands digit of 76229?
6
What is the ten thousands digit of 79619?
7
What is the tens digit of 6420?
2
What is the units digit of 13940?
0
What is the hundreds digit of 1144?
1
What is the units digit of 5742?
2
What is the thousands digit of 2346?
2
What is the ten thousands digit of 23866?
2
What is the units digit of 5754?
4
What is the units digit of 554?
4
What is the tens digit of 1010?
1
What is the tens digit of 332?
3
What is the hundreds digit of 2880?
8
What is the tens digit of 1166?
6
What is the thousands digit of 4268?
4
What is the ten thousands digit of 39227?
3
What is the units digit of 2962?
2
What is the hundreds digit of 149?
1
What is the hundreds digit of 720?
7
What is the units digit of 141?
1
What is the thousands digit of 22644?
2
What is the ten thousands digit of 11986?
1
What is the units digit of 93?
3
What is the units digit of 2552?
2
What is the ten thousands digit of 10846?
1
What is the thousands digit of 2502?
2
What is the ten thousands digit of 144961